{"id":8706,"date":"2022-09-13T06:35:24","date_gmt":"2022-09-13T06:35:24","guid":{"rendered":"https:\/\/heiny.us\/wordpress\/?page_id=8706"},"modified":"2022-09-13T06:45:16","modified_gmt":"2022-09-13T06:45:16","slug":"recursos","status":"publish","type":"page","link":"https:\/\/heiny.us\/wordpress\/recursos\/","title":{"rendered":"Recursos"},"content":{"rendered":"\t\t<div data-elementor-type=\"wp-page\" data-elementor-id=\"8706\" class=\"elementor elementor-8706\">\n\t\t\t\t\t\t<section class=\"elementor-section elementor-top-section elementor-element elementor-element-a3508d8 elementor-section-boxed elementor-section-height-default elementor-section-height-default\" data-id=\"a3508d8\" data-element_type=\"section\" data-e-type=\"section\">\n\t\t\t\t\t\t<div class=\"elementor-container elementor-column-gap-default\">\n\t\t\t\t\t<div class=\"elementor-column elementor-col-100 elementor-top-column elementor-element elementor-element-018a748\" data-id=\"018a748\" data-element_type=\"column\" data-e-type=\"column\">\n\t\t\t<div class=\"elementor-widget-wrap elementor-element-populated\">\n\t\t\t\t\t\t<div class=\"elementor-element elementor-element-9c4f55b elementor-widget elementor-widget-text-editor\" data-id=\"9c4f55b\" data-element_type=\"widget\" data-e-type=\"widget\" data-widget_type=\"text-editor.default\">\n\t\t\t\t<div class=\"elementor-widget-container\">\n\t\t\t\t\t\t\t\t\t<h3><strong>Para proveedores<\/strong><\/h3>\n<h4><strong>Enlaces de la Oficina de Servicios para Ni\u00f1os y Familias del Estado de Nueva York (OCFS)<\/strong><\/h4>\n<ul>\n \t<li>Regulaciones y Pol\u00edticas de Cuidado Infantil (OCFS)<\/li>\n \t<li>Operando un Programa de Cuidado Infantil (OCFS)<\/li>\n \t<li>Informaci\u00f3n para proveedores (OCFS)<\/li>\n \t<li>Capacitaci\u00f3n y desarrollo profesional de cuidado infantil para programas registrados y con licencia<\/li>\n \t<li>Convi\u00e9rtase en un proveedor de cuidado infantil (OCFS)<\/li>\n<\/ul>\nInformaci\u00f3n adicional para proveedores de cuidado infantil actuales o futuros disponible en el sitio web principal de la OCFS.\t\t\t\t\t\t\t\t<\/div>\n\t\t\t\t<\/div>\n\t\t\t\t\t<\/div>\n\t\t<\/div>\n\t\t\t\t\t<\/div>\n\t\t<\/section>\n\t\t\t\t<section class=\"elementor-section elementor-top-section elementor-element elementor-element-3c8b025 elementor-section-boxed elementor-section-height-default elementor-section-height-default\" data-id=\"3c8b025\" data-element_type=\"section\" data-e-type=\"section\">\n\t\t\t\t\t\t<div class=\"elementor-container elementor-column-gap-default\">\n\t\t\t\t\t<div class=\"elementor-column elementor-col-100 elementor-top-column elementor-element elementor-element-6a0440d\" data-id=\"6a0440d\" data-element_type=\"column\" data-e-type=\"column\">\n\t\t\t<div class=\"elementor-widget-wrap elementor-element-populated\">\n\t\t\t\t\t\t<div class=\"elementor-element elementor-element-caf3d99 elementor-widget elementor-widget-text-editor\" data-id=\"caf3d99\" data-element_type=\"widget\" data-e-type=\"widget\" data-widget_type=\"text-editor.default\">\n\t\t\t\t<div class=\"elementor-widget-container\">\n\t\t\t\t\t\t\t\t\t<h4><strong>Becas<\/strong><\/h4>\n<p>El Programa de incentivos educativos (EIP) es un programa de becas que ayuda a los proveedores de cuidado infantil a pagar las actividades de capacitaci\u00f3n y educaci\u00f3n con la intenci\u00f3n de desarrollar el conocimiento, las habilidades y las competencias de los proveedores para mejorar la calidad del cuidado infantil.  \n<\/p><p>\nPara ser elegible para las becas EIP, los proveedores de cuidado infantil deben recibir capacitaci\u00f3n y deben cuidar ni\u00f1os en un programa regulado por la OCFS.  \n<\/p><p>\nEn Hispanoamericana evaluamos a cada estudiante para determinar su elegibilidad para el programa en funci\u00f3n de los requisitos de ingresos y otros requisitos previos. Ll\u00e1menos al 347-346-7309 para ver si es elegible.  \n<\/p>\n<p>Lea m\u00e1s sobre EIP <a href=\"https:\/\/www.ecetp.pdp.albany.edu\/eip.shtm\">aqu\u00ed<\/a>.<\/p>\t\t\t\t\t\t\t\t<\/div>\n\t\t\t\t<\/div>\n\t\t\t\t\t<\/div>\n\t\t<\/div>\n\t\t\t\t\t<\/div>\n\t\t<\/section>\n\t\t\t\t<section class=\"elementor-section elementor-top-section elementor-element elementor-element-c3f51e9 elementor-section-boxed elementor-section-height-default elementor-section-height-default\" data-id=\"c3f51e9\" data-element_type=\"section\" data-e-type=\"section\">\n\t\t\t\t\t\t<div class=\"elementor-container elementor-column-gap-default\">\n\t\t\t\t\t<div class=\"elementor-column elementor-col-100 elementor-top-column elementor-element elementor-element-0878f02\" data-id=\"0878f02\" data-element_type=\"column\" data-e-type=\"column\">\n\t\t\t<div class=\"elementor-widget-wrap elementor-element-populated\">\n\t\t\t\t\t\t<div class=\"elementor-element elementor-element-71ec0cf elementor-widget elementor-widget-text-editor\" data-id=\"71ec0cf\" data-element_type=\"widget\" data-e-type=\"widget\" data-widget_type=\"text-editor.default\">\n\t\t\t\t<div class=\"elementor-widget-container\">\n\t\t\t\t\t\t\t\t\t<h3><strong>Para padres\n<\/strong><\/h3>\n<h4><strong>La elecci\u00f3n del cuidado de los ni\u00f1os, una visi\u00f3n general.\n<\/strong><\/h4>\t\t\t\t\t\t\t\t<\/div>\n\t\t\t\t<\/div>\n\t\t\t\t\t<\/div>\n\t\t<\/div>\n\t\t\t\t\t<\/div>\n\t\t<\/section>\n\t\t\t\t<section class=\"elementor-section elementor-top-section elementor-element elementor-element-1c01b92 elementor-section-boxed elementor-section-height-default elementor-section-height-default\" data-id=\"1c01b92\" data-element_type=\"section\" data-e-type=\"section\">\n\t\t\t\t\t\t<div class=\"elementor-container elementor-column-gap-default\">\n\t\t\t\t\t<div class=\"elementor-column elementor-col-100 elementor-top-column elementor-element elementor-element-a1ed997\" data-id=\"a1ed997\" data-element_type=\"column\" data-e-type=\"column\">\n\t\t\t<div class=\"elementor-widget-wrap elementor-element-populated\">\n\t\t\t\t\t\t<div class=\"elementor-element elementor-element-40a67c2 elementor-widget elementor-widget-video\" data-id=\"40a67c2\" data-element_type=\"widget\" data-e-type=\"widget\" data-settings=\"{&quot;youtube_url&quot;:&quot;https:\\\/\\\/youtu.be\\\/xpG06O7v-QQ&quot;,&quot;video_type&quot;:&quot;youtube&quot;,&quot;controls&quot;:&quot;yes&quot;}\" data-widget_type=\"video.default\">\n\t\t\t\t<div class=\"elementor-widget-container\">\n\t\t\t\t\t\t\t<div class=\"elementor-wrapper elementor-open-inline\">\n\t\t\t<div class=\"elementor-video\"><\/div>\t\t<\/div>\n\t\t\t\t\t\t<\/div>\n\t\t\t\t<\/div>\n\t\t\t\t\t<\/div>\n\t\t<\/div>\n\t\t\t\t\t<\/div>\n\t\t<\/section>\n\t\t\t\t<\/div>\n\t\t","protected":false},"excerpt":{"rendered":"<p>Para proveedores Enlaces de la Oficina de Servicios para Ni\u00f1os y Familias del Estado de Nueva York (OCFS) Regulaciones y Pol\u00edticas de Cuidado Infantil (OCFS) Operando un Programa de Cuidado Infantil (OCFS) Informaci\u00f3n para proveedores (OCFS) Capacitaci\u00f3n y desarrollo profesional de cuidado infantil para programas registrados y con licencia Convi\u00e9rtase en un proveedor de cuidado [&hellip;]<\/p>\n","protected":false},"author":1,"featured_media":0,"parent":0,"menu_order":0,"comment_status":"closed","ping_status":"closed","template":"","meta":{"footnotes":""},"class_list":["post-8706","page","type-page","status-publish","hentry","zita-woo-hover-","zita-woo-alignment-center","zita-shadow-","zita-shadow-hover-","zita-single-product-content-left","zita-single-product-tab-","zita-product-icon-shape-square"],"_links":{"self":[{"href":"https:\/\/heiny.us\/wordpress\/wp-json\/wp\/v2\/pages\/8706","targetHints":{"allow":["GET"]}}],"collection":[{"href":"https:\/\/heiny.us\/wordpress\/wp-json\/wp\/v2\/pages"}],"about":[{"href":"https:\/\/heiny.us\/wordpress\/wp-json\/wp\/v2\/types\/page"}],"author":[{"embeddable":true,"href":"https:\/\/heiny.us\/wordpress\/wp-json\/wp\/v2\/users\/1"}],"replies":[{"embeddable":true,"href":"https:\/\/heiny.us\/wordpress\/wp-json\/wp\/v2\/comments?post=8706"}],"version-history":[{"count":0,"href":"https:\/\/heiny.us\/wordpress\/wp-json\/wp\/v2\/pages\/8706\/revisions"}],"wp:attachment":[{"href":"https:\/\/heiny.us\/wordpress\/wp-json\/wp\/v2\/media?parent=8706"}],"curies":[{"name":"wp","href":"https:\/\/api.w.org\/{rel}","templated":true}]}}